423 a composite number?
False
Is 179012052001 a prime number?
True
Is 35649748777 a prime number?
True
Is 6525925059 composite?
True
Is 16024328147 a prime number?
False
Is 2236469981 a prime number?
True
Is 482539913 a prime number?
True
Is 5307461891 a composite number?
False
Is 2167207571 a prime number?
False
Is 191330129 composite?
True
Is 11291575033 composite?
False
Is 3700989443 composite?
False
Is 1948835881 prime?
False
Is 3947788711 a composite number?
True
Is 135777539873 composite?
False
Is 3872698573 prime?
False
Is 249272623 prime?
False
Is 3848660929 a composite number?
True
Is 47428786061 a composite number?
False
Is 23780284901 a prime number?
True
Is 3468487351 composite?
True
Is 171569833 a composite number?
False
Is 15917886911 composite?
True
Is 61733452951 prime?
False
Is 761651417 a prime number?
False
Is 31773967 composite?
False
Is 1760531863 a prime number?
True
Is 4994011177 composite?
False
Is 33651391847 composite?
False
Is 41450672563 composite?
True
Is 83200421 composite?
False
Is 6253037773 a composite number?
True
Is 319517269 prime?
False
Is 3687173381 a composite number?
False
Is 9184648709 a prime number?
False
Is 112726982307 composite?
True
Is 21543808831 composite?
False
Is 15950688161 a prime number?
False
Is 4387188485 a prime number?
False
Is 287130946999 a composite number?
True
Is 89086188263 a prime number?
True
Is 397693063 a prime number?
True
Is 139937323 a prime number?
False
Is 5332214981 a composite number?
False
Is 12757518503 prime?
False
Is 1259068009 a composite number?
False
Is 154130113 a composite number?
True
Is 1599858157 a prime number?
True
Is 813505829 a prime number?
False
Is 41111079343 a composite number?
True
Is 4850967871 a composite number?
True
Is 117846509 composite?
True
Is 8225218429 a prime number?
False
Is 1190239907 prime?
True
Is 2698858823 a composite number?
True
Is 16239134293 composite?
False
Is 3059948894 a composite number?
True
Is 29305007329 prime?
False
Is 49662257431 a prime number?
True
Is 4799428003 composite?
False
Is 1851552421 prime?
True
Is 203528321 prime?
False
Is 612145351 composite?
True
Is 108991131281 a prime number?
True
Is 722481673 composite?
False
Is 13381617547 a composite number?
False
Is 665271517 a prime number?
True
Is 983921317 composite?
False
Is 4074889933 composite?
False
Is 862814779 composite?
False
Is 6690231413 composite?
True
Is 1806018133 a composite number?
True
Is 41249598991 prime?
False
Is 468036431 prime?
True
Is 39877903763 composite?
False
Is 2611801693 a prime number?
False
Is 90259606631 a composite number?
False
Is 24029967929 a prime number?
False
Is 1699647601 prime?
False
Is 113911549 composite?
True
Is 26000267 a prime number?
True
Is 2119544333 a prime number?
False
Is 34579355299 a prime number?
False
Is 4432919783 a composite number?
False
Is 5097814241 composite?
True
Is 152303509 a prime number?
True
Is 36650389049 prime?
True
Is 566341147 prime?
True
Is 646694969 a prime number?
False
Is 22273196773 composite?
False
Is 3426159701 composite?
False
Is 49196452087 a prime number?
True
Is 604147195 composite?
True
Is 28248481843 composite?
False
Is 60592327583 composite?
True
Is 6067871 a composite number?
True
Is 18083836373 a prime number?
True
Is 663041039 composite?
True
Is 7442852953 a composite number?
False
Is 517984931 a composite number?
False
Is 5599992791 a prime number?
False
Is 830655647 a composite number?
False
Is 89397418087 composite?
True
Is 85957732006 a composite number?
True
Is 26526608729 a prime number?
False
Is 8575598327 composite?
False
Is 523466987 composite?
False
Is 1915667527 a composite number?
False
Is 5546832253 a prime number?
True
Is 2312827301 a composite number?
False
Is 6143337571 composite?
True
Is 751580981 a composite number?
False
Is 2091438163 a composite number?
True
Is 1105529519 prime?
False
Is 71708454899 a prime number?
False
Is 8477079649 a prime number?
False
Is 29513304111 a prime number?
False
Is 1694980957 prime?
True
Is 1706217353 composite?
False
Is 493980119 a composite number?
False
Is 15796745101 composite?
True
Is 4047736321 composite?
False
Is 764598181 composite?
False
Is 657324821 composite?
False
Is 311914129 composite?
True
Is 5080749071 prime?
False
Is 442377849601 composite?
False
Is 3269048759 a composite number?
True
Is 1679588867 a prime number?
False
Is 7159903111 composite?
False
Is 2049361739 composite?
True
Is 1751558243 a composite number?
False
Is 5075997439 composite?
False
Is 594352049 a composite number?
True
Is 850165286843 composite?
False
Is 4084150619 composite?
False
Is 5745304511 composite?
True
Is 4883426023 composite?
True
Is 14668445399 prime?
False
Is 15638273213 composite?
False
Is 32299757891 a prime number?
True
Is 176423480039 composite?
True
Is 15021334897 a composite number?
False
Is 1136949571 composite?
True
Is 33328500379 a prime number?
True
Is 60217863569 a prime number?
True
Is 350851451 a composite number?
False
Is 116640483991 a prime number?
True
Is 529989893 prime?
True
Is 1079549291 a composite number?
False
Is 46629013642 a composite number?
True
Is 24648020021 prime?
False
Is 9343134349 a prime number?
False
Is 91521598811 prime?
False
Is 1277760031 prime?
False
Is 67818958 a composite number?
True
Is 121960400147 prime?
False
Is 1302423841 composite?
False
Is 4976048821 a prime number?
True
Is 6648039857 prime?
True
Is 223210885 a composite number?
True
Is 1419130117 composite?
False
Is 1576282369 composite?
True
Is 732805883 a prime number?
False
Is 185898871 prime?
False
Is 74222719 a composite number?
True
Is 562578557 a composite number?
False
Is 1368553231 a prime number?
False
Is 7594084735 prime?
False
Is 10640459507 a prime number?
True
Is 1452863183 a prime number?
False
Is 2852132459 composite?
True
Is 6002374489 prime?
False
Is 3039986891 a prime number?
True
Is 24036088771 composite?
True
Is 5480390897 composite?
False
Is 12318926603 composite?
True
Is 1643494903 a composite number?
True
Is 9041362079 a composite number?
False
Is 20851689311 composite?
False
Is 10467238539 a prime number?
False
Is 18155795789 a composite number?
False
Is 712350701 a prime number?
True
Is 1661990131 composite?
True
Is 3143781713 prime?
True
Is 728878159 a prime number?
False
Is 19541981651 prime?
True
Is 60507081667 a composite number?
False
Is 6408218627 composite?
True
Is 131708298647 composite?
False
Is 12090860038 a prime number?
False
Is 975986309 prime?
True
Is 163669 prime?
False
Is 17007735293 composite?
False
Is 626883505 a prime number?
False
Is 2308199797 composite?
True
Is 82001477911 prime?
True
Is 8225268263 prime?
True
Is 11748441547 prime?
False
Is 11663672869 a composite number?
False
Is 3967844891 prime?
True
Is 3566235161 composite?
False
Is 1448064319 prime?
False
Is 19207931291 prime?
False
Is 3029912579 prime?
False
Is 103863850739 a prime number?
False
Is 404638889 composite?
False
Is 17112228779 a composite number?
False
Is 1203544067 a composite number?
True
Is 28336451873 composite?
True
Is 904584221 a prime number?
False
Is 8689340969 prime?
False
Is 1968063349 prime?
False
Is 16783544267 a prime number?
False
Is 1059433963 a prime number?
False
Is 48083583397 a composite number?
False
Is 23884626347 a prime number?
False
Is 1042911583 prime?
False
Is 10223419 composite?
True
Is 803075201 a prime number?
True
Is 52841411489 a prime number?
True
Is 2169988973 composite?
True
Is 28395638105 composite?
True
Is 18485183641 prime?
True
Is 7588211611 composite?
False
Is 5180515577 a composite number?
True
Is 6262185581 composite?
True
Is 97755360429 a composite number?
True
Is 1850992177 a prime number?
True
Is 29748209609 a prime number?
True
Is 7078862941 composite?
True
Is 23078866277 composite?
False
Is 31292826881 a composite number?
True
Is 3999691411 composite?
True
Is 5437496651 a prime number?
False
Is 4571136127 prime?
False
Is 11492421631 a prime number?
True
Is 2135371235 prime?
False
Is 863915341 a prime number?
False
Is 37424460191 a prime number?
True
Is 649507513 a prime number?
False
Is 773492789 composite?
False
Is 1658223209 prime?
True
Is 26251769 composite?
True
Is 104386897607 a composite number?
False
Is 322192501 a composite number?
False
Is 52999895791 a compos